016 and 2848.
32
Calculate the greatest common divisor of 99 and 3313512.
9
What is the highest common divisor of 1337381089 and 2473?
2473
Calculate the highest common divisor of 572 and 3926659.
11
Calculate the greatest common divisor of 414892598 and 70882.
10126
Calculate the highest common factor of 115978 and 20806.
206
What is the greatest common divisor of 65550236 and 27512?
724
Calculate the greatest common divisor of 359 and 59707.
1
What is the highest common factor of 3375 and 1187250?
375
What is the greatest common factor of 244734125 and 170?
85
What is the highest common factor of 6075 and 397791?
243
Calculate the greatest common divisor of 112 and 161324296.
56
What is the highest common divisor of 21 and 106086729?
21
What is the highest common factor of 377498 and 8415?
11
What is the greatest common factor of 20184 and 29028?
12
What is the greatest common factor of 13005 and 34659?
9
Calculate the greatest common divisor of 1385427 and 29811.
1569
What is the greatest common factor of 3330 and 4246785?
45
What is the greatest common divisor of 5235582 and 3358?
46
Calculate the highest common divisor of 177654 and 168.
6
What is the greatest common divisor of 211299 and 6490?
11
What is the highest common factor of 764145 and 555?
15
What is the greatest common factor of 402024469 and 49?
49
What is the highest common divisor of 1900 and 30551050?
950
What is the greatest common divisor of 5214 and 294657?
33
Calculate the greatest common factor of 2360454 and 29550.
1182
Calculate the greatest common divisor of 36008056 and 135128.
7112
What is the highest common divisor of 6331 and 2219259?
487
Calculate the highest common divisor of 91171 and 894583.
173
What is the highest common factor of 137075562 and 72?
18
Calculate the highest common factor of 56461023 and 27.
27
What is the greatest common divisor of 19373572 and 106828?
6284
Calculate the greatest common divisor of 210596 and 105222.
38
Calculate the greatest common factor of 300 and 33579075.
75
What is the highest common factor of 8360 and 612890?
10
Calculate the greatest common divisor of 1910275 and 21328.
43
Calculate the highest common divisor of 123 and 11091279.
123
Calculate the highest common factor of 198 and 8579098.
22
What is the highest common factor of 79924 and 10205680?
6148
Calculate the highest common factor of 3527328 and 2328.
24
Calculate the highest common divisor of 2092057240 and 728.
728
What is the greatest common factor of 151928 and 65377874?
5426
Calculate the greatest common factor of 8155 and 741265.
35
What is the highest common divisor of 1633 and 90927073?
1633
Calculate the greatest common divisor of 20369206 and 286.
286
What is the greatest common factor of 11426831 and 91?
13
Calculate the greatest common divisor of 6715 and 118568098.
1343
What is the highest common divisor of 50736756 and 588?
588
Calculate the greatest common factor of 940308 and 21844.
508
Calculate the highest common divisor of 5665828 and 2.
2
What is the greatest common factor of 6557014 and 133?
19
What is the greatest common factor of 57345366 and 1498?
214
What is the highest common divisor of 34059597 and 52?
13
What is the highest common factor of 749672330 and 440?
110
Calculate the greatest common divisor of 491 and 140228127.
491
Calculate the highest common factor of 1856 and 8026736.
464
Calculate the greatest common divisor of 143 and 15271217.
13
Calculate the greatest common divisor of 5 and 71956345.
5
Calculate the highest common divisor of 15862325 and 325.
25
What is the greatest common factor of 12 and 1069932?
12
What is the greatest common divisor of 188586 and 33687?
9
What is the greatest common factor of 4956 and 71676?
12
Calculate the highest common divisor of 18008 and 49732.
4
What is the greatest common factor of 108659126 and 871?
67
What is the greatest common divisor of 775 and 300307850?
775
What is the greatest common divisor of 1281 and 315756?
21
Calculate the greatest common divisor of 342618 and 20298.
102
Calculate the greatest common factor of 6349276 and 7984.
1996
Calculate the greatest common factor of 44241070 and 110.
10
Calculate the highest common divisor of 44208 and 335975888.
4912
Calculate the greatest common factor of 131857000 and 6600.
2200
Calculate the greatest common divisor of 4008 and 60609477.
501
Calculate the greatest common factor of 553779 and 12987.
333
Calculate the greatest common divisor of 384 and 514162368.
192
Calculate the greatest common divisor of 4459260 and 23010.
390
Calculate the greatest common divisor of 131085915 and 45.
15
Calculate the highest common factor of 303960 and 175950.
510
What is the highest common divisor of 2185 and 862270?
115
What is the greatest common divisor of 815184 and 3942572?
2516
What is the highest common divisor of 247632 and 28336?
1232
Calculate the greatest common divisor of 7196 and 9407228.
1028
Calculate the greatest common divisor of 34000 and 5757200.
400
What is the highest common divisor of 15522 and 1416987?
39
What is the greatest common divisor of 4654 and 140515?
179
What is the highest common factor of 140741694 and 71838?
5526
What is the highest common factor of 13804911 and 277113?
3903
Calculate the greatest common factor of 2397 and 211199670.
2397
What is the greatest common factor of 4483040 and 64?
32
What is the greatest common factor of 67188 and 332409576?
6108
What is the highest common divisor of 77 and 35599619?
11
What is the greatest common factor of 37311 and 871?
1
What is the highest common factor of 59798975 and 50?
25
What is the highest common factor of 4053309 and 8944?
559
Calculate the highest common divisor of 3471834 and 5866.
838
What is the highest common factor of 3959 and 356976?
37
Calculate the highest common factor of 327912 and 19461.
39
What is the greatest common factor of 214 and 3608789?
107
Calculate the highest common divisor of 2535 and 620841.
39
Calculate the highest common factor of 717942 and 66.
6
Calculate the greatest common divisor of 793203 and 1465587.
5253
What is the highest common divisor of 384 and 4047?
3
Calculate the greatest common divisor of 1554 and 16174809.
777
Calculate the highest common factor of 2400 and 81613500.
300
What is the greatest common factor of 7092 and 185600004?
2364
Calculate the highest common divisor of 115537 and 3038.
31
Calculate the highest common factor of 86200 and 964600.
200
What is the highest common factor of 42321745 and 10?
5
What is the highest common divisor of 768 and 78616704?
384
Calculate the greatest common factor of 3173 and 10393.
19
What is the greatest common divisor of 319536 and 24632?
8
What is the highest common factor of 50 and 7085025?
25
What is the highest common factor of 6850109 and 1329?
443
Calculate the greatest common divisor of 9 and 114277.
1
What is the highest common divisor of 42178313 and 51557?
4687
Calculate the highest common divisor of 1317897 and 9261.
189
What is the highest common divisor of 308511461 and 1382?
691
Calculate the highest common factor of 9945 and 1095705.
585
Calculate the highest common divisor of 532587 and 4026.
33
What is the highest common divisor of 167334 and 53418?
6
Calculate the highest common factor of 1146907 and 2728.
31
What is the greatest common factor of 836 and 259787?
209
Calculate the highest common factor of 6122385 and 74115.
1215
What is the greatest common factor of 54622 and 26142794?
1762
What is the highest common factor of 9313112 and 128?
8
What is the greatest common factor of 144 and 334265544?
72
What is the greatest common factor of 11883 and 115719?
51
What is the greatest common factor of 2865 and 265278372?
573
Calculate the greatest common factor of 26 and 9130550.
26
What is the highest common factor of 6225415 and 5395?
415
Calculate the highest common factor of 6825644 and 71008.
8876
What is the highest common factor of 124858353 and 51?
51
Calculate the greatest common divisor of 50544 and 974898.
18
Calculate the greatest common divisor of 9640 and 141165750.
2410
What is the greatest common divisor of 111951129 and 28767?
669
Calculate the greatest common factor of 5616 and 6799572.
1404
What is the highest common divisor of 2713